mon divisor of 21573 and 255?
51
Calculate the greatest common factor of 1258 and 592.
74
Calculate the greatest common factor of 544 and 680.
136
What is the greatest common divisor of 3549 and 845?
169
What is the greatest common factor of 158 and 8374?
158
Calculate the highest common divisor of 70928 and 248.
248
What is the greatest common divisor of 207 and 12?
3
What is the greatest common divisor of 255 and 935?
85
What is the greatest common divisor of 28 and 756?
28
What is the greatest common divisor of 24 and 13164?
12
Calculate the greatest common divisor of 63 and 70.
7
Calculate the highest common divisor of 976 and 22.
2
Calculate the greatest common divisor of 52 and 28.
4
Calculate the highest common divisor of 77 and 33.
11
What is the greatest common divisor of 215 and 10?
5
What is the highest common factor of 68 and 731?
17
Calculate the highest common factor of 134 and 14.
2
What is the highest common divisor of 527 and 31?
31
What is the greatest common divisor of 72 and 1152?
72
What is the highest common factor of 40 and 1616?
8
What is the highest common factor of 4428 and 123?
123
What is the greatest common divisor of 165 and 120?
15
What is the highest common divisor of 1790 and 70?
10
Calculate the greatest common divisor of 2900 and 200.
100
Calculate the highest common factor of 205 and 369.
41
Calculate the greatest common factor of 52 and 40.
4
What is the highest common factor of 14 and 154?
14
What is the highest common factor of 44 and 26?
2
What is the greatest common factor of 860 and 100?
20
What is the greatest common divisor of 1920 and 32?
32
What is the highest common divisor of 8 and 324?
4
What is the highest common divisor of 148 and 2?
2
Calculate the greatest common factor of 901 and 53.
53
What is the highest common divisor of 994 and 84?
14
Calculate the greatest common factor of 2715 and 15.
15
What is the highest common factor of 1159 and 57?
19
Calculate the highest common divisor of 7 and 1897.
7
Calculate the highest common divisor of 15 and 4665.
15
What is the greatest common divisor of 227 and 6129?
227
What is the greatest common factor of 2 and 46?
2
Calculate the greatest common divisor of 112 and 80.
16
What is the greatest common divisor of 45 and 20?
5
Calculate the highest common factor of 286 and 110.
22
What is the greatest common factor of 452 and 8?
4
What is the greatest common factor of 100 and 108?
4
Calculate the highest common divisor of 177 and 21.
3
Calculate the highest common factor of 15 and 15.
15
Calculate the highest common divisor of 43 and 12169.
43
Calculate the highest common factor of 141 and 9.
3
Calculate the highest common divisor of 200 and 2720.
40
What is the greatest common factor of 13713 and 21?
21
Calculate the highest common factor of 1 and 19.
1
What is the greatest common factor of 5994 and 74?
74
Calculate the greatest common divisor of 1080 and 168.
24
What is the greatest common factor of 105 and 14?
7
What is the highest common factor of 84 and 28?
28
What is the highest common divisor of 16 and 464?
16
What is the greatest common divisor of 7 and 1715?
7
What is the greatest common divisor of 2145 and 130?
65
What is the highest common factor of 1255 and 9538?
251
Calculate the highest common divisor of 50 and 115.
5
Calculate the highest common divisor of 3589 and 37.
37
Calculate the highest common factor of 4370 and 2300.
230
What is the greatest common divisor of 8330 and 102?
34
What is the highest common factor of 25 and 725?
25
Calculate the greatest common factor of 357 and 595.
119
What is the greatest common divisor of 128 and 8?
8
What is the highest common divisor of 167 and 22879?
167
Calculate the greatest common divisor of 144 and 48.
48
What is the highest common divisor of 24886 and 46?
46
What is the greatest common factor of 9258 and 6?
6
What is the greatest common factor of 48 and 66?
6
What is the greatest common factor of 44 and 5?
1
Calculate the greatest common factor of 12 and 196.
4
What is the highest common factor of 1991 and 2715?
181
What is the greatest common divisor of 13 and 34801?
13
What is the greatest common divisor of 1192 and 72?
8
What is the greatest common divisor of 2272 and 64?
32
What is the highest common divisor of 14752 and 96?
32
Calculate the highest common divisor of 5 and 1235.
5
What is the greatest common divisor of 39 and 2925?
39
What is the highest common divisor of 22 and 88?
22
What is the greatest common divisor of 38580 and 40?
20
Calculate the greatest common factor of 88 and 8184.
88
Calculate the greatest common divisor of 864 and 117.
9
What is the greatest common divisor of 22 and 3058?
22
Calculate the greatest common factor of 980 and 2548.
196
What is the highest common divisor of 376 and 64?
8
What is the greatest common factor of 40 and 55?
5
What is the greatest common divisor of 27 and 12?
3
Calculate the greatest common divisor of 320 and 280.
40
What is the highest common factor of 13748 and 56?
28
What is the greatest common divisor of 170 and 68?
34
Calculate the greatest common factor of 52 and 12532.
52
What is the greatest common factor of 41 and 205?
41
Calculate the greatest common divisor of 19 and 51661.
19
Calculate the highest common factor of 148 and 9694.
74
Calculate the highest common factor of 129 and 3741.
129
What is the highest common factor of 7743 and 87?
87
Calculate the greatest common factor of 85 and 335.
5
Calculate the greatest common divisor of 78 and 3237.
39
What is the greatest common divisor of 32 and 6000?
16
Calculate the highest common divisor of 207 and 171.
9
Calculate the highest common divisor of 2 and 32.
2
Calculate the highest common divisor of 177 and 13039.
59
Calculate the greatest common divisor of 976 and 16.
16
What is the highest common divisor of 77 and 56?
7
What is the greatest common divisor of 27 and 7245?
9
What is the highest common divisor of 1824 and 408?
24
What is the highest common factor of 88 and 2156?
44
What is the greatest common factor of 747 and 5893?
83
What is the highest common divisor of 250 and 550?
50
Calculate the greatest common divisor of 7 and 77.
7
Calculate the greatest common factor of 3885 and 111.
111
Calculate the highest common factor of 25 and 30.
5
Calculate the greatest common divisor of 5 and 85.
5
What is the greatest common factor of 2245 and 1347?
449
What is the highest common divisor of 21 and 2016?
21
What is the greatest common factor of 15 and 45?
15
Calculate the highest common factor of 40 and 28040.
40
What is the highest common factor of 22 and 4895?
11
What is the highest common divisor of 12 and 780?
12
Calculate the highest common factor of 114 and 323.
19
What is the greatest common divisor of 266 and 70?
14
Calculate the highest common factor of 200 and 16.
8
What is the highest common divisor of 9 and 279?
9
What is the greatest common divisor of 289 and 68?
17
Calculate the highest common divisor of 72 and 198.
18
Calculate the greatest common factor of 549 and 369.
9
What is the greatest common divisor of 966 and 66171?
483
Calculate the highest common factor of 897 and 69.
69
Calculate the greatest common divisor of 725 and 90.
5
What is the greatest common divisor of 11 and 4169?
11
What is the greatest common divisor of 1284 and 228?
12
Calculate the greatest common divisor of 32 and 104.
8
Calculate the highest common divisor of 285 and 57.
57
What is the greatest common divisor of 30 and 10?
10
Calculate the highest common factor of 4 and 10.
2
What is the greatest common divisor of 7848 and 72?
72
Calculate the greatest common divisor of 144 and 272.
16
Calculate the greatest common factor of 1332 and 74.
74
What is the highest common divisor of 2394 and 54?
18
What is the highest common divisor of 66 and 528?
66
Calculate the highest common factor of 14 and 130.
2
What is the highest common divisor of 326 and 7661?
163
Calculate the greatest common factor of 1201 and 1.
1
Calculate the highest common divisor of 210 and 150.
30
Calculate the greatest common factor of 32 and 3288.
8
What is the greatest common divisor of 3576 and 36?
12
Calculate the highest common factor of 689 and 26.
13
What is the greatest common divisor of 94 and 611?
47
Wha